{"id":90,"date":"2019-11-10T19:51:18","date_gmt":"2019-11-10T18:51:18","guid":{"rendered":"http:\/\/csebboxethai.com\/?page_id=90"},"modified":"2023-09-26T16:52:41","modified_gmt":"2023-09-26T14:52:41","slug":"photos-et-videos","status":"publish","type":"page","link":"https:\/\/csebboxethai.com\/index.php\/photos-et-videos\/","title":{"rendered":"Photos et vid\u00e9os"},"content":{"rendered":"<p>[vc_row][vc_column][\/vc_column][vc_video 1=&#8221;h=&#8220;50&#8220;&#8221; link=&#8221;https:\/\/youtu.be\/y1GA0EbWnHQ&#8221; el_width=&#8221;60&#8243; el_aspect=&#8221;235&#8243; align=&#8221;center&#8221; title=&#8221;Vid\u00e9o de pr\u00e9sentation du CSEB Boxe Tha\u00ef&#8221;][vc_column_text]<span class=\"style-scope yt-formatted-string\" dir=\"auto\">Merci a Boxing Training <\/span><a class=\"yt-simple-endpoint style-scope yt-formatted-string\" dir=\"auto\" spellcheck=\"false\" href=\"https:\/\/www.youtube.com\/redirect?event=video_description&amp;redir_token=QUFFLUhqbDMyeDBRYnJOREZtTnZmZVFIUV9FZ1pPLWhQd3xBQ3Jtc0trY24yb1Z5bEEtTndycXhQekZ6RkdfamtGeHlidzFCOE9XWjJLMjhWM1dYb3p2S0hURll4Q3pmNWdOM0hfOWwzUXJpdHI4dVB1cC02cEFyOHBkcHIxazJwWGFfQWt5T09XcEYwb3ZFcU8yZEZZQWV4OA&amp;q=http%3A%2F%2Fwww.boxing-training.fr%2F\" target=\"_blank\" rel=\"nofollow noopener\">http:\/\/www.boxing-training.fr\/<\/a><span class=\"style-scope yt-formatted-string\" dir=\"auto\">, Edmond Ly Pro et <a href=\"http:\/\/www.stabilizedpictures.com\">stabilize picture<\/a>\u00a0 pour les images.<\/span>[\/vc_column_text][\/vc_row][vc_column][\/vc_column][vc_row][vc_column][\/vc_column][vc_column_text]Quelques images de nos adh\u00e9rents en train de s&#8217;entrainer sur le ring, au sac ou aux pattes d&#8217;ours.[\/vc_column_text][vc_images_carousel images=&#8221;120,119,118,117,116,115,114,113,101,102,103,104,105,106,107,108,109,110&#8243; img_size=&#8221;large&#8221; onclick=&#8221;link_no&#8221; autoplay=&#8221;yes&#8221;][\/vc_row]<\/p>\n","protected":false},"excerpt":{"rendered":"<p>[vc_row][vc_column][\/vc_column][vc_video 1=&#8221;h=&#8220;50&#8220;&#8221; link=&#8221;https:\/\/youtu.be\/y1GA0EbWnHQ&#8221; el_width=&#8221;60&#8243; el_aspect=&#8221;235&#8243; align=&#8221;center&#8221; title=&#8221;Vid\u00e9o de pr\u00e9sentation du CSEB Boxe Tha\u00ef&#8221;][vc_column_text]Merci a Boxing Training http:\/\/www.boxing-training.fr\/, Edmond Ly Pro et stabilize picture\u00a0 pour les images.[\/vc_column_text][\/vc_row][vc_column][\/vc_column][vc_row][vc_column][\/vc_column][vc_column_text]Quelques images de nos adh\u00e9rents en train de s&#8217;entrainer sur le ring, au sac ou aux pattes d&#8217;ours.[\/vc_column_text][vc_images_carousel images=&#8221;120,119,118,117,116,115,114,113,101,102,103,104,105,106,107,108,109,110&#8243; img_size=&#8221;large&#8221; onclick=&#8221;link_no&#8221; autoplay=&#8221;yes&#8221;][\/vc_row]<\/p>\n","protected":false},"author":1,"featured_media":0,"parent":0,"menu_order":0,"comment_status":"closed","ping_status":"closed","template":"","meta":{"_bbp_topic_count":0,"_bbp_reply_count":0,"_bbp_total_topic_count":0,"_bbp_total_reply_count":0,"_bbp_voice_count":0,"_bbp_anonymous_reply_count":0,"_bbp_topic_count_hidden":0,"_bbp_reply_count_hidden":0,"_bbp_forum_subforum_count":0,"footnotes":""},"class_list":["post-90","page","type-page","status-publish","hentry"],"yoast_head":"<!-- This site is optimized with the Yoast SEO plugin v25.7 - https:\/\/yoast.com\/wordpress\/plugins\/seo\/ -->\n<title>Photos et vid\u00e9os - CSEB Boxe Tha\u00ef<\/title>\n<meta name=\"description\" content=\"Quelques photos et vid\u00e9os pour d\u00e9couvrir la salle, les activit\u00e9s du club et se faire une id\u00e9e des entra\u00eenements.\" \/>\n<meta name=\"robots\" content=\"index, follow, max-snippet:-1, max-image-preview:large, max-video-preview:-1\" \/>\n<link rel=\"canonical\" href=\"https:\/\/csebboxethai.com\/index.php\/photos-et-videos\/\" \/>\n<meta property=\"og:locale\" content=\"fr_FR\" \/>\n<meta property=\"og:type\" content=\"article\" \/>\n<meta property=\"og:title\" content=\"Photos et vid\u00e9os - CSEB Boxe Tha\u00ef\" \/>\n<meta property=\"og:description\" content=\"Quelques photos et vid\u00e9os pour d\u00e9couvrir la salle, les activit\u00e9s du club et se faire une id\u00e9e des entra\u00eenements.\" \/>\n<meta property=\"og:url\" content=\"https:\/\/csebboxethai.com\/index.php\/photos-et-videos\/\" \/>\n<meta property=\"og:site_name\" content=\"CSEB Boxe Tha\u00ef\" \/>\n<meta property=\"article:modified_time\" content=\"2023-09-26T14:52:41+00:00\" \/>\n<meta name=\"twitter:card\" content=\"summary_large_image\" \/>\n<meta name=\"twitter:label1\" content=\"Dur\u00e9e de lecture estim\u00e9e\" \/>\n\t<meta name=\"twitter:data1\" content=\"1 minute\" \/>\n<script type=\"application\/ld+json\" class=\"yoast-schema-graph\">{\"@context\":\"https:\/\/schema.org\",\"@graph\":[{\"@type\":\"WebPage\",\"@id\":\"https:\/\/csebboxethai.com\/index.php\/photos-et-videos\/\",\"url\":\"https:\/\/csebboxethai.com\/index.php\/photos-et-videos\/\",\"name\":\"Photos et vid\u00e9os - CSEB Boxe Tha\u00ef\",\"isPartOf\":{\"@id\":\"https:\/\/csebboxethai.com\/#website\"},\"datePublished\":\"2019-11-10T18:51:18+00:00\",\"dateModified\":\"2023-09-26T14:52:41+00:00\",\"description\":\"Quelques photos et vid\u00e9os pour d\u00e9couvrir la salle, les activit\u00e9s du club et se faire une id\u00e9e des entra\u00eenements.\",\"breadcrumb\":{\"@id\":\"https:\/\/csebboxethai.com\/index.php\/photos-et-videos\/#breadcrumb\"},\"inLanguage\":\"fr-FR\",\"potentialAction\":[{\"@type\":\"ReadAction\",\"target\":[\"https:\/\/csebboxethai.com\/index.php\/photos-et-videos\/\"]}]},{\"@type\":\"BreadcrumbList\",\"@id\":\"https:\/\/csebboxethai.com\/index.php\/photos-et-videos\/#breadcrumb\",\"itemListElement\":[{\"@type\":\"ListItem\",\"position\":1,\"name\":\"Accueil\",\"item\":\"https:\/\/csebboxethai.com\/\"},{\"@type\":\"ListItem\",\"position\":2,\"name\":\"Photos et vid\u00e9os\"}]},{\"@type\":\"WebSite\",\"@id\":\"https:\/\/csebboxethai.com\/#website\",\"url\":\"https:\/\/csebboxethai.com\/\",\"name\":\"CSEB Boxe Tha\u00ef\",\"description\":\"Le club de Boxe tha\u00ef dans le 17 \u00e8me arrondissement de Paris\",\"publisher\":{\"@id\":\"https:\/\/csebboxethai.com\/#organization\"},\"potentialAction\":[{\"@type\":\"SearchAction\",\"target\":{\"@type\":\"EntryPoint\",\"urlTemplate\":\"https:\/\/csebboxethai.com\/?s={search_term_string}\"},\"query-input\":{\"@type\":\"PropertyValueSpecification\",\"valueRequired\":true,\"valueName\":\"search_term_string\"}}],\"inLanguage\":\"fr-FR\"},{\"@type\":[\"Organization\",\"Place\"],\"@id\":\"https:\/\/csebboxethai.com\/#organization\",\"name\":\"CSEB Boxe Tha\u00ef\",\"url\":\"https:\/\/csebboxethai.com\/\",\"logo\":{\"@id\":\"https:\/\/csebboxethai.com\/index.php\/photos-et-videos\/#local-main-organization-logo\"},\"image\":{\"@id\":\"https:\/\/csebboxethai.com\/index.php\/photos-et-videos\/#local-main-organization-logo\"},\"openingHoursSpecification\":[{\"@type\":\"OpeningHoursSpecification\",\"dayOfWeek\":[\"Monday\",\"Tuesday\",\"Wednesday\",\"Thursday\",\"Friday\",\"Saturday\",\"Sunday\"],\"opens\":\"09:00\",\"closes\":\"17:00\"}]},{\"@type\":\"ImageObject\",\"inLanguage\":\"fr-FR\",\"@id\":\"https:\/\/csebboxethai.com\/index.php\/photos-et-videos\/#local-main-organization-logo\",\"url\":\"https:\/\/csebboxethai.com\/wp-content\/uploads\/2019\/10\/cropped-logo-cseb.jpg\",\"contentUrl\":\"https:\/\/csebboxethai.com\/wp-content\/uploads\/2019\/10\/cropped-logo-cseb.jpg\",\"width\":512,\"height\":512,\"caption\":\"CSEB Boxe Tha\u00ef\"}]}<\/script>\n<!-- \/ Yoast SEO plugin. -->","yoast_head_json":{"title":"Photos et vid\u00e9os - CSEB Boxe Tha\u00ef","description":"Quelques photos et vid\u00e9os pour d\u00e9couvrir la salle, les activit\u00e9s du club et se faire une id\u00e9e des entra\u00eenements.","robots":{"index":"index","follow":"follow","max-snippet":"max-snippet:-1","max-image-preview":"max-image-preview:large","max-video-preview":"max-video-preview:-1"},"canonical":"https:\/\/csebboxethai.com\/index.php\/photos-et-videos\/","og_locale":"fr_FR","og_type":"article","og_title":"Photos et vid\u00e9os - CSEB Boxe Tha\u00ef","og_description":"Quelques photos et vid\u00e9os pour d\u00e9couvrir la salle, les activit\u00e9s du club et se faire une id\u00e9e des entra\u00eenements.","og_url":"https:\/\/csebboxethai.com\/index.php\/photos-et-videos\/","og_site_name":"CSEB Boxe Tha\u00ef","article_modified_time":"2023-09-26T14:52:41+00:00","twitter_card":"summary_large_image","twitter_misc":{"Dur\u00e9e de lecture estim\u00e9e":"1 minute"},"schema":{"@context":"https:\/\/schema.org","@graph":[{"@type":"WebPage","@id":"https:\/\/csebboxethai.com\/index.php\/photos-et-videos\/","url":"https:\/\/csebboxethai.com\/index.php\/photos-et-videos\/","name":"Photos et vid\u00e9os - CSEB Boxe Tha\u00ef","isPartOf":{"@id":"https:\/\/csebboxethai.com\/#website"},"datePublished":"2019-11-10T18:51:18+00:00","dateModified":"2023-09-26T14:52:41+00:00","description":"Quelques photos et vid\u00e9os pour d\u00e9couvrir la salle, les activit\u00e9s du club et se faire une id\u00e9e des entra\u00eenements.","breadcrumb":{"@id":"https:\/\/csebboxethai.com\/index.php\/photos-et-videos\/#breadcrumb"},"inLanguage":"fr-FR","potentialAction":[{"@type":"ReadAction","target":["https:\/\/csebboxethai.com\/index.php\/photos-et-videos\/"]}]},{"@type":"BreadcrumbList","@id":"https:\/\/csebboxethai.com\/index.php\/photos-et-videos\/#breadcrumb","itemListElement":[{"@type":"ListItem","position":1,"name":"Accueil","item":"https:\/\/csebboxethai.com\/"},{"@type":"ListItem","position":2,"name":"Photos et vid\u00e9os"}]},{"@type":"WebSite","@id":"https:\/\/csebboxethai.com\/#website","url":"https:\/\/csebboxethai.com\/","name":"CSEB Boxe Tha\u00ef","description":"Le club de Boxe tha\u00ef dans le 17 \u00e8me arrondissement de Paris","publisher":{"@id":"https:\/\/csebboxethai.com\/#organization"},"potentialAction":[{"@type":"SearchAction","target":{"@type":"EntryPoint","urlTemplate":"https:\/\/csebboxethai.com\/?s={search_term_string}"},"query-input":{"@type":"PropertyValueSpecification","valueRequired":true,"valueName":"search_term_string"}}],"inLanguage":"fr-FR"},{"@type":["Organization","Place"],"@id":"https:\/\/csebboxethai.com\/#organization","name":"CSEB Boxe Tha\u00ef","url":"https:\/\/csebboxethai.com\/","logo":{"@id":"https:\/\/csebboxethai.com\/index.php\/photos-et-videos\/#local-main-organization-logo"},"image":{"@id":"https:\/\/csebboxethai.com\/index.php\/photos-et-videos\/#local-main-organization-logo"},"openingHoursSpecification":[{"@type":"OpeningHoursSpecification","dayOfWeek":["Monday","Tuesday","Wednesday","Thursday","Friday","Saturday","Sunday"],"opens":"09:00","closes":"17:00"}]},{"@type":"ImageObject","inLanguage":"fr-FR","@id":"https:\/\/csebboxethai.com\/index.php\/photos-et-videos\/#local-main-organization-logo","url":"https:\/\/csebboxethai.com\/wp-content\/uploads\/2019\/10\/cropped-logo-cseb.jpg","contentUrl":"https:\/\/csebboxethai.com\/wp-content\/uploads\/2019\/10\/cropped-logo-cseb.jpg","width":512,"height":512,"caption":"CSEB Boxe Tha\u00ef"}]}},"_links":{"self":[{"href":"https:\/\/csebboxethai.com\/index.php\/wp-json\/wp\/v2\/pages\/90","targetHints":{"allow":["GET"]}}],"collection":[{"href":"https:\/\/csebboxethai.com\/index.php\/wp-json\/wp\/v2\/pages"}],"about":[{"href":"https:\/\/csebboxethai.com\/index.php\/wp-json\/wp\/v2\/types\/page"}],"author":[{"embeddable":true,"href":"https:\/\/csebboxethai.com\/index.php\/wp-json\/wp\/v2\/users\/1"}],"replies":[{"embeddable":true,"href":"https:\/\/csebboxethai.com\/index.php\/wp-json\/wp\/v2\/comments?post=90"}],"version-history":[{"count":0,"href":"https:\/\/csebboxethai.com\/index.php\/wp-json\/wp\/v2\/pages\/90\/revisions"}],"wp:attachment":[{"href":"https:\/\/csebboxethai.com\/index.php\/wp-json\/wp\/v2\/media?parent=90"}],"curies":[{"name":"wp","href":"https:\/\/api.w.org\/{rel}","templated":true}]}}