{"id":97,"date":"2019-11-17T17:13:14","date_gmt":"2019-11-17T16:13:14","guid":{"rendered":"http:\/\/csebboxethai.com\/?page_id=97"},"modified":"2025-09-24T14:00:20","modified_gmt":"2025-09-24T12:00:20","slug":"telechargement-et-inscription","status":"publish","type":"page","link":"https:\/\/csebboxethai.com\/index.php\/telechargement-et-inscription\/","title":{"rendered":"Inscription"},"content":{"rendered":"<p>[vc_row][vc_column][vc_column_text font_size=&#8221;16&#8243;]<\/p>\r\n<p><\/p>\r\n<h3><strong>Modalit\u00e9s d\u2019inscription<\/strong><\/h3>\r\n<h4><strong>Conditions d\u2019adh\u00e9sion<\/strong><\/h4>\r\n<p class=\"whitespace-break-spaces\">L\u2019inscription est ouverte \u00e0 toute personne <strong>\u00e2g\u00e9e de plus de 12 ans<\/strong> (avec autorisation parentale pour les mineurs). Elle est soumise \u00e0 la pr\u00e9sentation d\u2019un <strong><span class=\"followup-block cursor-pointer outline-none static -mx-0.5 inline px-0.5 group-hover\/message:[--hover-opacity:1]\" tabindex=\"0\" data-question=\"Quels sont les crit\u00e8res pr\u00e9cis v\u00e9rifi\u00e9s par ce certificat m\u00e9dical pour la boxe tha\u00efe?\" aria-haspopup=\"dialog\" aria-expanded=\"false\" aria-controls=\"radix-\u00abrlt\u00bb\" data-state=\"closed\">certificat m\u00e9dical f\u00e9d\u00e9ral de moins de 3 mois<\/span><\/strong>, attestant d\u2019un \u00e9tat de sant\u00e9 compatible avec la pratique de notre sport. Ce certificat est <strong>t\u00e9l\u00e9chargeable ci-dessous<\/strong> sur cette page.<\/p>\r\n<p class=\"whitespace-break-spaces\">L\u2019adh\u00e9sion est valable pour une <strong>saison sportive<\/strong>, allant de <strong>d\u00e9but septembre \u00e0 fin juin<\/strong>, en suivant le rythme des p\u00e9riodes scolaires de la <strong><span class=\"followup-block cursor-pointer outline-none static -mx-0.5 inline px-0.5 group-hover\/message:[--hover-opacity:1]\" tabindex=\"0\" data-question=\"Quelles sont les implications pratiques du calendrier scolaire de la zone C sur les entra\u00eenements?\" aria-haspopup=\"dialog\" aria-expanded=\"false\" aria-controls=\"radix-\u00abrlu\u00bb\" data-state=\"closed\">zone C<\/span><\/strong>.<\/p>\r\n<p class=\"whitespace-break-spaces\">Chaque membre doit :<\/p>\r\n<ul>\r\n<li>Fournir le <strong>certificat f\u00e9d\u00e9ral m\u00e9dical de non-contre-indication<\/strong> \u00e0 la pratique de la boxe tha\u00efe.<\/li>\r\n<li>Remplir la <strong>fiche d\u2019inscription<\/strong> (ou le formulaire en ligne).<\/li>\r\n<li>Signer le <strong>r\u00e8glement int\u00e9rieur<\/strong> (disponible dans la fiche d\u2019inscription).<\/li>\r\n<li>Fournir une <strong>photo d\u2019identit\u00e9<\/strong> et une <strong>copie de sa carte d\u2019identit\u00e9<\/strong>.<\/li>\r\n<\/ul>\r\n<hr \/>\r\n<h4><strong>D\u00e9marches d\u2019inscription<\/strong><\/h4>\r\n<ol>\r\n<li>\r\n<p class=\"whitespace-break-spaces\"><strong>Inscription<\/strong> : Remplir le formulaire <strong>en ligne ou papier<\/strong> (selon les modalit\u00e9s indiqu\u00e9es) et signer le <strong>r\u00e8glement int\u00e9rieur<\/strong>.<\/p>\r\n<\/li>\r\n<li>\r\n<p class=\"whitespace-break-spaces\"><strong>Paiement de la cotisation<\/strong> : Le r\u00e8glement de la cotisation est <strong>obligatoire<\/strong> pour valider l\u2019inscription. Les moyens de paiement accept\u00e9s sont :<\/p>\r\n<ul>\r\n<li>Ch\u00e8ques<\/li>\r\n<li>Esp\u00e8ces<\/li>\r\n<li>Carte bancaire (CB)<\/li>\r\n<li><em>Les virements, paiements en ligne et PayPal ne sont pas disponibles pour l\u2019instant.<\/em><\/li>\r\n<\/ul>\r\n<\/li>\r\n<li>\r\n<p class=\"whitespace-break-spaces\"><strong>Finalisation<\/strong> : D\u00e8s r\u00e9ception du paiement, l\u2019association proc\u00e8de \u00e0 votre <strong>affiliation \u00e0 la f\u00e9d\u00e9ration<\/strong> et \u00e0 la <strong>souscription des <span class=\"followup-block cursor-pointer outline-none static -mx-0.5 inline px-0.5 group-hover\/message:[--hover-opacity:1]\" tabindex=\"0\" data-question=\"Quelles garanties couvrent exactement ces assurances compl\u00e9mentaires pour les membres?\" aria-haspopup=\"dialog\" aria-expanded=\"false\" aria-controls=\"radix-\u00abrlv\u00bb\" data-state=\"closed\">assurances compl\u00e9mentaires<\/span><\/strong>.<\/p>\r\n<\/li>\r\n<\/ol>\r\n<hr \/>\r\n<p>&nbsp;<\/p>\r\n<p class=\"whitespace-break-spaces\"><strong>Pour les mineurs<\/strong> : Les parents doivent <strong>fournir leurs coordonn\u00e9es et informations<\/strong>. Cette demande est <strong>f\u00e9d\u00e9rale<\/strong> et permet \u00e9galement au coach de vous contacter en cas d\u2019urgence ou d\u2019accident.<\/p>\r\n<hr \/>\r\n<h4><strong>Contact<\/strong><\/h4>\r\n<p class=\"whitespace-break-spaces\">Pour toute question ou demande d\u2019information, venez nous voir ou contactez-nous par email ou par t\u00e9l\u00e9phone.<\/p>\r\n<p class=\"whitespace-break-spaces\"><strong>Vous trouverez ci-dessous les documents utiles pour adh\u00e9rer au CSEB Boxe tha\u00ef<\/strong><\/p>\r\n\r\n<p> <a href=\"https:\/\/csebboxethai.com\/wp-content\/uploads\/2019\/10\/CERTIFICAT-MEDICAL-2.0LOISIR.pdf\"><strong>Certificat M\u00e9dical<\/strong><\/a><\/p>\r\n\r\n<p> <strong><a href=\"https:\/\/csebboxethai.com\/wp-content\/uploads\/2019\/10\/QUESTIONNAIRE-MEDICAL-2.0LOISIR.pdf\">Questionnaire m\u00e9dical<\/a> <\/strong>(valable uniquement pendant 2 ans apr\u00e8s la fourniture d&#8217;un premier certificat m\u00e9dical en r\u00e8gle)<\/p>\r\n\r\n<p> <a href=\"https:\/\/csebboxethai.com\/wp-content\/uploads\/2019\/11\/BulletinAdhesion.pdf\"><strong>Fiche d&#8217;inscription et r\u00e8glement int\u00e9rieur<\/strong><\/a><\/p>\r\n\r\n<p>Vous pouvez aussi opter pour une inscription en ligne (nous vous le recommadons cela \u00e9vite les erreurs de saisie). <br \/>2 points sont \u00e0 noter :<br \/>Votre inscription n\u2019est <strong>effective qu\u2019apr\u00e8s r\u00e9ception du paiement<\/strong> par le club. <strong>Toutefois, la compl\u00e9tion du formulaire en ligne ou de la fiche d\u2019inscription constitue un engagement ferme<\/strong> : elle vous oblige \u00e0 r\u00e9gulariser le paiement de la cotisation dans les meilleurs d\u00e9lais.<\/p>\r\n<p><br \/><strong>Transmission des documents obligatoires<\/strong> Le certificat m\u00e9dical, le r\u00e8glement int\u00e9rieur sign\u00e9, ainsi que la photo d\u2019identit\u00e9 et la copie de la pi\u00e8ce d\u2019identit\u00e9 <strong>doivent imp\u00e9rativement \u00eatre fournis<\/strong>. Ces documents peuvent \u00eatre <strong>envoy\u00e9s par email ou remis en main propre<\/strong>. <strong>Ils restent obligatoires<\/strong>, que l\u2019inscription soit effectu\u00e9e via les formulaires papier ou le formulaire en ligne.<br \/><br \/><\/p>\r\n<p><iframe id=\"iframe_assoconnect\" style=\"overflow: hidden; border: 0; max-height: none;\" src=\"https:\/\/cseb-boxe-thai.assoconnect.com\/collect\/description\/302137-w-formulaire-d-inscription?iframe=1\" width=\"100%\" scrolling=\"no\"><\/iframe><script>window.addEventListener(\"message\", function(event) {if(event.data.action === \"iframe.height\" && (event.origin === \"https:\/\/cseb-boxe-thai.assoconnect.com\" || event.origin === \"https:\/\/pay.assoconnect.com\")){document.getElementById(\"iframe_assoconnect\").height = event.data.height;}});<\/script><style>#iframe_assoconnect{border: 0}<\/style><\/p>\r\n<p>Quelque soit la m\u00e9thode d&#8217;inscription choisie, vous recevrez peu de temps apr\u00e8s un email provenant de la f\u00e9d\u00e9ration qui vous prouvera votre inscription aupr\u00e8s de celle-ci.<\/p>\r\n\r\n<p><strong>Information importante concernant les inscriptions et les cotisations :\u00a0<\/strong><\/p>\r\n<p>Toute inscription est d\u00e9finitive et vous engage \u00e0 payer la cotisation. Conform\u00e9ment \u00e0 notre statut d\u2019association et \u00e0 notre mode de fonctionnement, aucun remboursement ne sera effectu\u00e9. D\u00e8s votre paiement, nous proc\u00e9dons \u00e0 votre affiliation \u00e0 la f\u00e9d\u00e9ration et souscrivons des assurances compl\u00e9mentaires. Ces d\u00e9marches, irr\u00e9versibles, rendent impossible toute r\u00e9cup\u00e9ration de la cotisation vers\u00e9e.<\/p>\r\n<p><strong>Nature de la cotisation :<\/strong><\/p>\r\n<p>La cotisation repr\u00e9sente la participation financi\u00e8re des membres au fonctionnement de l\u2019association. Elle ne constitue en aucun cas un pr\u00e9paiement pour des services sp\u00e9cifiques. En adh\u00e9rant \u00e0 notre association, qui propose une activit\u00e9 sportive, vous contribuez \u00e0 un projet collectif et non \u00e0 l\u2019achat d\u2019une prestation de service.<\/p>\r\n<p><strong>Remboursement :\u00a0<\/strong> Sur le plan l\u00e9gal, un remboursement total ou partiel de la cotisation n\u2019est en aucun cas obligatoire. Dans notre cas, en raison des engagements financiers imm\u00e9diats (affiliation, assurance, etc.), aucun remboursement ne peut \u00eatre accord\u00e9, quelle qu\u2019en soit la raison.<\/p>\r\n\r\n<p>[\/vc_column_text][\/vc_column][\/vc_row]<\/p>","protected":false},"excerpt":{"rendered":"<p>[vc_row][vc_column][vc_column_text font_size=&#8221;16&#8243;] Modalit\u00e9s d\u2019inscription Conditions d\u2019adh\u00e9sion L\u2019inscription est ouverte \u00e0 toute personne \u00e2g\u00e9e de plus de 12 ans (avec autorisation parentale pour les mineurs). Elle est soumise \u00e0 la pr\u00e9sentation d\u2019un certificat m\u00e9dical f\u00e9d\u00e9ral de moins de 3 mois, attestant d\u2019un \u00e9tat de sant\u00e9 compatible avec la pratique de notre sport. Ce certificat est t\u00e9l\u00e9chargeable ci-dessous sur cette page. L\u2019adh\u00e9sion [&hellip;]<\/p>\n","protected":false},"author":1,"featured_media":0,"parent":0,"menu_order":0,"comment_status":"closed","ping_status":"closed","template":"","meta":{"_bbp_topic_count":0,"_bbp_reply_count":0,"_bbp_total_topic_count":0,"_bbp_total_reply_count":0,"_bbp_voice_count":0,"_bbp_anonymous_reply_count":0,"_bbp_topic_count_hidden":0,"_bbp_reply_count_hidden":0,"_bbp_forum_subforum_count":0,"footnotes":""},"class_list":["post-97","page","type-page","status-publish","hentry"],"yoast_head":"<!-- This site is optimized with the Yoast SEO plugin v25.7 - https:\/\/yoast.com\/wordpress\/plugins\/seo\/ -->\n<title>T\u00e9l\u00e9chargement et Inscription<\/title>\n<meta name=\"description\" content=\"Vous pouvez t\u00e9l\u00e9charger ici les documents \u00e0 imprimer pour vous inscrire au CSEB Boxe Thai et le formulaire d&#039;adh\u00e9sion en ligne.\" \/>\n<meta name=\"robots\" content=\"index, nofollow, max-snippet:-1, max-image-preview:large, max-video-preview:-1\" \/>\n<link rel=\"canonical\" href=\"https:\/\/csebboxethai.com\/index.php\/telechargement-et-inscription\/\" \/>\n<meta property=\"og:locale\" content=\"fr_FR\" \/>\n<meta property=\"og:type\" content=\"article\" \/>\n<meta property=\"og:title\" content=\"T\u00e9l\u00e9chargement et Inscription\" \/>\n<meta property=\"og:description\" content=\"Vous pouvez t\u00e9l\u00e9charger ici les documents \u00e0 imprimer pour vous inscrire au CSEB Boxe Thai et le formulaire d&#039;adh\u00e9sion en ligne.\" \/>\n<meta property=\"og:url\" content=\"https:\/\/csebboxethai.com\/index.php\/telechargement-et-inscription\/\" \/>\n<meta property=\"og:site_name\" content=\"CSEB Boxe Tha\u00ef\" \/>\n<meta property=\"article:modified_time\" content=\"2025-09-24T12:00:20+00:00\" \/>\n<meta name=\"twitter:card\" content=\"summary_large_image\" \/>\n<meta name=\"twitter:label1\" content=\"Dur\u00e9e de lecture estim\u00e9e\" \/>\n\t<meta name=\"twitter:data1\" content=\"3 minutes\" \/>\n<script type=\"application\/ld+json\" class=\"yoast-schema-graph\">{\"@context\":\"https:\/\/schema.org\",\"@graph\":[{\"@type\":\"WebPage\",\"@id\":\"https:\/\/csebboxethai.com\/index.php\/telechargement-et-inscription\/\",\"url\":\"https:\/\/csebboxethai.com\/index.php\/telechargement-et-inscription\/\",\"name\":\"T\u00e9l\u00e9chargement et Inscription\",\"isPartOf\":{\"@id\":\"https:\/\/csebboxethai.com\/#website\"},\"datePublished\":\"2019-11-17T16:13:14+00:00\",\"dateModified\":\"2025-09-24T12:00:20+00:00\",\"description\":\"Vous pouvez t\u00e9l\u00e9charger ici les documents \u00e0 imprimer pour vous inscrire au CSEB Boxe Thai et le formulaire d'adh\u00e9sion en ligne.\",\"breadcrumb\":{\"@id\":\"https:\/\/csebboxethai.com\/index.php\/telechargement-et-inscription\/#breadcrumb\"},\"inLanguage\":\"fr-FR\",\"potentialAction\":[{\"@type\":\"ReadAction\",\"target\":[\"https:\/\/csebboxethai.com\/index.php\/telechargement-et-inscription\/\"]}]},{\"@type\":\"BreadcrumbList\",\"@id\":\"https:\/\/csebboxethai.com\/index.php\/telechargement-et-inscription\/#breadcrumb\",\"itemListElement\":[{\"@type\":\"ListItem\",\"position\":1,\"name\":\"Accueil\",\"item\":\"https:\/\/csebboxethai.com\/\"},{\"@type\":\"ListItem\",\"position\":2,\"name\":\"Inscription\"}]},{\"@type\":\"WebSite\",\"@id\":\"https:\/\/csebboxethai.com\/#website\",\"url\":\"https:\/\/csebboxethai.com\/\",\"name\":\"CSEB Boxe Tha\u00ef\",\"description\":\"Le club de Boxe tha\u00ef dans le 17 \u00e8me arrondissement de Paris\",\"publisher\":{\"@id\":\"https:\/\/csebboxethai.com\/#organization\"},\"potentialAction\":[{\"@type\":\"SearchAction\",\"target\":{\"@type\":\"EntryPoint\",\"urlTemplate\":\"https:\/\/csebboxethai.com\/?s={search_term_string}\"},\"query-input\":{\"@type\":\"PropertyValueSpecification\",\"valueRequired\":true,\"valueName\":\"search_term_string\"}}],\"inLanguage\":\"fr-FR\"},{\"@type\":[\"Organization\",\"Place\"],\"@id\":\"https:\/\/csebboxethai.com\/#organization\",\"name\":\"CSEB Boxe Tha\u00ef\",\"url\":\"https:\/\/csebboxethai.com\/\",\"logo\":{\"@id\":\"https:\/\/csebboxethai.com\/index.php\/telechargement-et-inscription\/#local-main-organization-logo\"},\"image\":{\"@id\":\"https:\/\/csebboxethai.com\/index.php\/telechargement-et-inscription\/#local-main-organization-logo\"},\"openingHoursSpecification\":[{\"@type\":\"OpeningHoursSpecification\",\"dayOfWeek\":[\"Monday\",\"Tuesday\",\"Wednesday\",\"Thursday\",\"Friday\",\"Saturday\",\"Sunday\"],\"opens\":\"09:00\",\"closes\":\"17:00\"}]},{\"@type\":\"ImageObject\",\"inLanguage\":\"fr-FR\",\"@id\":\"https:\/\/csebboxethai.com\/index.php\/telechargement-et-inscription\/#local-main-organization-logo\",\"url\":\"https:\/\/csebboxethai.com\/wp-content\/uploads\/2019\/10\/cropped-logo-cseb.jpg\",\"contentUrl\":\"https:\/\/csebboxethai.com\/wp-content\/uploads\/2019\/10\/cropped-logo-cseb.jpg\",\"width\":512,\"height\":512,\"caption\":\"CSEB Boxe Tha\u00ef\"}]}<\/script>\n<!-- \/ Yoast SEO plugin. -->","yoast_head_json":{"title":"T\u00e9l\u00e9chargement et Inscription","description":"Vous pouvez t\u00e9l\u00e9charger ici les documents \u00e0 imprimer pour vous inscrire au CSEB Boxe Thai et le formulaire d'adh\u00e9sion en ligne.","robots":{"index":"index","follow":"nofollow","max-snippet":"max-snippet:-1","max-image-preview":"max-image-preview:large","max-video-preview":"max-video-preview:-1"},"canonical":"https:\/\/csebboxethai.com\/index.php\/telechargement-et-inscription\/","og_locale":"fr_FR","og_type":"article","og_title":"T\u00e9l\u00e9chargement et Inscription","og_description":"Vous pouvez t\u00e9l\u00e9charger ici les documents \u00e0 imprimer pour vous inscrire au CSEB Boxe Thai et le formulaire d'adh\u00e9sion en ligne.","og_url":"https:\/\/csebboxethai.com\/index.php\/telechargement-et-inscription\/","og_site_name":"CSEB Boxe Tha\u00ef","article_modified_time":"2025-09-24T12:00:20+00:00","twitter_card":"summary_large_image","twitter_misc":{"Dur\u00e9e de lecture estim\u00e9e":"3 minutes"},"schema":{"@context":"https:\/\/schema.org","@graph":[{"@type":"WebPage","@id":"https:\/\/csebboxethai.com\/index.php\/telechargement-et-inscription\/","url":"https:\/\/csebboxethai.com\/index.php\/telechargement-et-inscription\/","name":"T\u00e9l\u00e9chargement et Inscription","isPartOf":{"@id":"https:\/\/csebboxethai.com\/#website"},"datePublished":"2019-11-17T16:13:14+00:00","dateModified":"2025-09-24T12:00:20+00:00","description":"Vous pouvez t\u00e9l\u00e9charger ici les documents \u00e0 imprimer pour vous inscrire au CSEB Boxe Thai et le formulaire d'adh\u00e9sion en ligne.","breadcrumb":{"@id":"https:\/\/csebboxethai.com\/index.php\/telechargement-et-inscription\/#breadcrumb"},"inLanguage":"fr-FR","potentialAction":[{"@type":"ReadAction","target":["https:\/\/csebboxethai.com\/index.php\/telechargement-et-inscription\/"]}]},{"@type":"BreadcrumbList","@id":"https:\/\/csebboxethai.com\/index.php\/telechargement-et-inscription\/#breadcrumb","itemListElement":[{"@type":"ListItem","position":1,"name":"Accueil","item":"https:\/\/csebboxethai.com\/"},{"@type":"ListItem","position":2,"name":"Inscription"}]},{"@type":"WebSite","@id":"https:\/\/csebboxethai.com\/#website","url":"https:\/\/csebboxethai.com\/","name":"CSEB Boxe Tha\u00ef","description":"Le club de Boxe tha\u00ef dans le 17 \u00e8me arrondissement de Paris","publisher":{"@id":"https:\/\/csebboxethai.com\/#organization"},"potentialAction":[{"@type":"SearchAction","target":{"@type":"EntryPoint","urlTemplate":"https:\/\/csebboxethai.com\/?s={search_term_string}"},"query-input":{"@type":"PropertyValueSpecification","valueRequired":true,"valueName":"search_term_string"}}],"inLanguage":"fr-FR"},{"@type":["Organization","Place"],"@id":"https:\/\/csebboxethai.com\/#organization","name":"CSEB Boxe Tha\u00ef","url":"https:\/\/csebboxethai.com\/","logo":{"@id":"https:\/\/csebboxethai.com\/index.php\/telechargement-et-inscription\/#local-main-organization-logo"},"image":{"@id":"https:\/\/csebboxethai.com\/index.php\/telechargement-et-inscription\/#local-main-organization-logo"},"openingHoursSpecification":[{"@type":"OpeningHoursSpecification","dayOfWeek":["Monday","Tuesday","Wednesday","Thursday","Friday","Saturday","Sunday"],"opens":"09:00","closes":"17:00"}]},{"@type":"ImageObject","inLanguage":"fr-FR","@id":"https:\/\/csebboxethai.com\/index.php\/telechargement-et-inscription\/#local-main-organization-logo","url":"https:\/\/csebboxethai.com\/wp-content\/uploads\/2019\/10\/cropped-logo-cseb.jpg","contentUrl":"https:\/\/csebboxethai.com\/wp-content\/uploads\/2019\/10\/cropped-logo-cseb.jpg","width":512,"height":512,"caption":"CSEB Boxe Tha\u00ef"}]}},"_links":{"self":[{"href":"https:\/\/csebboxethai.com\/index.php\/wp-json\/wp\/v2\/pages\/97","targetHints":{"allow":["GET"]}}],"collection":[{"href":"https:\/\/csebboxethai.com\/index.php\/wp-json\/wp\/v2\/pages"}],"about":[{"href":"https:\/\/csebboxethai.com\/index.php\/wp-json\/wp\/v2\/types\/page"}],"author":[{"embeddable":true,"href":"https:\/\/csebboxethai.com\/index.php\/wp-json\/wp\/v2\/users\/1"}],"replies":[{"embeddable":true,"href":"https:\/\/csebboxethai.com\/index.php\/wp-json\/wp\/v2\/comments?post=97"}],"version-history":[{"count":0,"href":"https:\/\/csebboxethai.com\/index.php\/wp-json\/wp\/v2\/pages\/97\/revisions"}],"wp:attachment":[{"href":"https:\/\/csebboxethai.com\/index.php\/wp-json\/wp\/v2\/media?parent=97"}],"curies":[{"name":"wp","href":"https:\/\/api.w.org\/{rel}","templated":true}]}}